 5. Suppose 8*z - x*z - 820 = u. List the prime factors of z.
2, 41
What are the prime factors of 1877*((-5)/30)/(-1*2/84)?
7, 1877
Let l(v) = 14*v + 761. What are the prime factors of l(-46)?
3, 13
Suppose 0 = -v + 2*v + 5*s - 28, -2*v = -4*s. List the prime factors of 3/v - 1*(-4071)/24.
2, 5, 17
Suppose 0 = -4*h + l + 26, 0*h - 10 = -2*h - l. List the prime factors of 2*(-3)/(h/(-277)).
277
Suppose -216*f - 606962 = 238766 - 4108408. What are the prime factors of f?
3, 5, 19, 53
Suppose 26*k = 24*k + 108. Let w = k + -52. Suppose -5*m + w*m = -237. What are the prime factors of m?
79
Suppose 4*z - p = -5*p - 56, 2*z + 3*p = -26. Let x(h) = -8*h - 23. Let t be x(z). Suppose 8*n - t - 71 = 0. List the prime factors of n.
2, 11
Let h(b) = -32 - 122*b - 1 + 168*b. List the prime factors of h(9).
3, 127
Let h(u) = 332*u**2 - 27*u - 116. What are the prime factors of h(-6)?
2, 7, 857
Let x(a) = a**2 + 22*a + 65. Let y(k) = -k**2 - 24*k - 65. Let o(w) = 5*x(w) + 4*y(w). What are the prime factors of o(-21)?
2, 53
Suppose 407010 - 430615 = 71*u - 910537. List the prime factors of u.
2, 3, 347
Suppose -6400627 = -67*k - 2012261. What are the prime factors of k?
2, 32749
Let n = 1 + -6. Let r(f) be the first derivative of -f**4/2 - 4*f**3/3 + 9*f**2/2 - 2*f - 30. List the prime factors of r(n).
103
Let i(h) = 14*h**2 - 23*h - 308. List the prime factors of i(-13).
2357
Let n = -594 + 588. List the prime factors of 6 - n/(12/1466).
739
Let x(w) = -w**2 - 6*w + 33. Let b be x(-8). Let t = b - 14. Suppose -2*g - 5*n + 10*n = -347, t*n = 15. List the prime factors of g.
2, 3, 31
Let j(f) = 8720*f**2 + 7*f + 4. Let o be j(-1). Suppose -o + 618 = -13*h. List the prime factors of h.
7, 89
List the prime factors of (2869932/195)/((-4)/(-5)).
18397
Let c = 14 - 5. Suppose c*y + 3*y = 2376. What are the prime factors of y?
2, 3, 11
Let t(y) = -10405*y**3 + 3*y**2 + 68*y + 120. What are the prime factors of t(-2)?
2, 20809
Suppose -89311*r + 89313*r - 52304 = 0. What are the prime factors of r?
2, 7, 467
Suppose 206*q - 227*q = -782754. What are the prime factors of q?
2, 18637
Let i = 58 + -66. Let a be 1/(-2)*1*(-8 - i). Suppose a = -3*h + 4*w + 58, -w + 118 = 5*h + 3*w. List the prime factors of h.
2, 11
Let b = -9 - -28. Let o = 28 - b. Let z = o - -32. List the prime factors of z.
41
Suppose 2*s - 14807 = -879. What are the prime factors of s?
2, 1741
Let n(f) = -16*f + 1824. List the prime factors of n(33).
2, 3
Let t = 126 + -80. Suppose 5*r - 52 = -3*j, 2*j + 11 = 5*r - t. Let q = r + 5. What are the prime factors of q?
2
Suppose 799 = -k - 85. Let p = -197 - k. What are the prime factors of p?
3, 229
Let j = -409 - -374. What are the prime factors of 1077*(j/(-15) + -2)?
359
Let h = 35 - -119. Suppose -8*g + h = -30. What are the prime factors of g?
23
Let i be 3 + 141/2*(-4)/(-6). Suppose -i*o - 26 = -52*o. Let q = o + 15. What are the prime factors of q?
2, 7
Let w(h) = 4*h**3 + 5*h**2 + 6. Let t be w(-6). Let k = t - -387. List the prime factors of -2*1*k/6.
97
Suppose 12478 = 4*g + 2730. What are the prime factors of g?
2437
Let q = -7 - -2. Suppose z - 23*h = -18*h - 3, 2*h = -5*z + 12. Let m = z - q. List the prime factors of m.
7
Suppose 5 = -b + i - 2, b + 3 = 5*i. What are the prime factors of (7 + -1 - -461) + b?
3, 17
Let v(y) = 77*y - 6. Suppose -8*o = -9*o - q - 5, -4*q = -4. Let a(n) = -78*n + 5. Let t(w) = o*v(w) - 7*a(w). What are the prime factors of t(1)?
5, 17
Suppose -5*a = n - 440218, 0 = 27*a - 31*a - 4*n + 352184. List the prime factors of a.
17, 5179
Let m = -2936 + 5614. Suppose 6*s - m = 190. List the prime factors of s.
2, 239
Let g(n) = -n - 6. Let c be g(0). Let i be 8*105/18 + (-2)/c. Suppose -i = -5*k + 233. List the prime factors of k.
2, 7
Let i be (7/(-2) - -8)*(-24)/(-9). Suppose i*t = 6667 + 2513. What are the prime factors of t?
3, 5, 17
Let y(n) = -n**3 - 11*n**2 + 35*n + 46. Let u be y(-14). Suppose 37*v = 45*v - u. What are the prime factors of v?
2, 3
Suppose -196*j = -197*j + 6. What are the prime factors of (1/j)/(28/87528)?
521
Let i = 73 + -72. Let t be ((-28)/12)/((-1)/(-99)*i). Let v = 323 + t. What are the prime factors of v?
2, 23
Let j = 701 - 708. What are the prime factors of ((-66)/4 + 2)*630/j?
3, 5, 29
Suppose 0 = -2*h - 2*w + 8852, -w = -4*h + 16115 + 1594. List the prime factors of h.
19, 233
Let l be -4 - 6*71/(-3). Let j = 170 + l. List the prime factors of j.
2, 7, 11
What are the prime factors of ((-6947)/5)/((-16169)/475 + 34)?
5, 6947
Let g(v) = -34*v**2 + 17*v - 8. Let x(r) = 31*r**2 - 18*r + 7. Let i(d) = -7*g(d) - 6*x(d). What are the prime factors of i(5)?
1259
Let i = -1379 + 3722. Suppose -1438 = -2*j + 4*u, -u + 497 = 4*j - i. What are the prime factors of j?
3, 79
Let b = -850 + 852. What are the prime factors of 26*(1 + b + (-207)/(-6))?
3, 5, 13
Let f be (-4)/26 + (-12685)/(-195)*3. Suppose 0 = -4*q + 12, 2*l + q = 238 + f. What are the prime factors of l?
5, 43
Let h(r) = -1603*r - 919. List the prime factors of h(-8).
5, 2381
Let q = 4 - 15. Let d = -168 + 215. Let j = d + q. What are the prime factors of j?
2, 3
Suppose 8 = -10*h + 6*h. What are the prime factors of 120498/126 + h/6?
2, 239
Let h = -2642 + 2690. Let z(i) = i + 1. Let y be z(3). Suppose -y*v + 24 = -h. What are the prime factors of v?
2, 3
Let g be 10/(-35) - ((-87585)/(-21) - -1). What are the prime factors of (18/(-8))/(7/g)?
3, 149
Let y be -5 + 1*-4 + (20 - 15). What are the prime factors of (4 + (-1882)/y)/(8/16)?
13, 73
Let k(w) = -21*w - 172. Let a be k(-8). What are the prime factors of ((-602)/a)/((-2)/(-4))?
7, 43
Suppose 0 = 12*r - 20*r - 96. What are the prime factors of ((-64)/r)/((-5)/(-1065))?
2, 71
Suppose 156475 = -18*a + 302416 + 216003. List the prime factors of a.
2, 11, 457
Let z = 4 + -1. Let o(l) = 11*l + l**3 - 13*l**2 + z*l**2 + 382 - 364. What are the prime factors of o(9)?
2, 3
Let y be -12*(-1)/1*-3. Let d = y - -38. Suppose d*a + 3*a - 780 = 0. What are the prime factors of a?
2, 3, 13
Suppose k - 189 = 5*z, 7*z - 668 = -4*k + 5*z. Suppose 0 = -4*y - 3*m + 665, 0*m = y - 2*m - k. What are the prime factors of y?
167
Let z(l) = -l**3 + 20*l**2 - 18*l - 20. Let s be z(19). Let o(q) = -4*q - 6. Let c be o(s). Let b(k) = -90*k + 6. List the prime factors of b(c).
2, 3, 31
Suppose 5*u - 59 = 91. Suppose a - u = 7*a. Let b(v) = -v**3 - 4*v**2 + v - 18. What are the prime factors of b(a)?
2
Let s be 75/((8 - 5)/(-39)). Let m = s + 1479. What are the prime factors of m?
2, 3, 7
Suppose 12*z - 9*z = 4*i + 88134, 4*i = -z + 29346. List the prime factors of z.
2, 3, 5, 11, 89
Let u(g) be the third derivative of -g**4/24 - 2*g**3/3 + 11*g**2. Let d be u(-6). Suppose -2*o = -4*n + 350, d*n = -4*o + o + 163. List the prime factors of n.
2, 43
Let g = 45 + -38. Suppose r + g = 7. Suppose 4*h = -h - t + 685, r = -5*h + 5*t + 715. What are the prime factors of h?
2, 3, 23
Suppose 0 = 3*l - 0*z + 2*z, 3*l + 5*z = 0. Suppose l = 13*i + 64 - 12. List the prime factors of (-2158)/(-15) + -2 - i/30.
2, 71
Suppose p - 4*z = 98 + 240, -2*p + 5*z + 685 = 0. Let u = 590 - p. What are the prime factors of u?
2, 3, 5
Let f be -1 + -1 - 968/(-44). Let s(r) = 59*r + 405. What are the prime factors of s(f)?
5, 317
Suppose -5*n + 4*p + 30 = 0, n + 3*p - 6*p = 17. Suppose -3*x - 765 = -6*x - 5*h, n*x = 5*h + 510. Let r = -118 + x. What are the prime factors of r?
137
Let g(w) = -562*w**2 + 15. Let m(y) = -281*y**2 + 7. Let b(v) = 6*g(v) - 13*m(v). Let o be b(-1). Suppose 2*l - o = -3*l. List the prime factors of l.
2, 7
Suppose 5436 = k + 3*a, 2*a + 8 = -0. What are the prime factors of k?
2, 3, 227
Let y(l) = l**2 - 15*l + 34. Let j be y(14). Suppose 5*p - j = 0, -3*s + 369 = 2*s - 4*p. Let z = s + -50. What are the prime factors of z?
3
Suppose 4*w - 160 = -3*q - 0*q, 4 = -2*w. List the prime factors of (-58)/((-7)/q*4).
2, 29
Let z be (3 + 0)*1615/57. Let h be (-10)/z - (-98)/(-34). What are the prime factors of (-35)/(-5) + h + 101?
3, 5, 7
Let g = 58000 - 27848. What are the prime factors of g?
2, 3769
Let g = 295 + -286. Suppose -61 = g*x - 2761. What are the prime factors of x?
2, 3, 5
Let g = -38 - -41. Suppose -22 = -g*r - 34. Let v = 16 + r. What are the prime factors of v?
2, 3
Let f be 311 - ((-12)/